 + q. What are the prime factors of s(-5)?
2, 3
Let o be -2*(-2 - 10/(-4)). Let f be (-11)/(-1) + (-5 - -3). List the prime factors of -6*o/(f/6).
2
Let q(g) = g - 2. Let c be q(-5). Let d(b) be the first derivative of -b**2/2 - 5*b + 3. List the prime factors of d(c).
2
List the prime factors of 1926/18 + (0 - -1)*3.
2, 5, 11
Suppose 0 = -4*y + 7*y - 87. What are the prime factors of y?
29
Let i(k) be the first derivative of k**3 + k**2/2 - 1. Suppose -3*x - 5*a - 2 = 0, -2*x - 3 + 1 = 4*a. List the prime factors of i(x).
2
Suppose 10 = -5*x + 30. Let s(a) = -a**2 + 6*a - 6. Let v be s(x). Suppose -5 = v*z - 3*z. What are the prime factors of z?
5
Let r = -128 + 185. List the prime factors of r.
3, 19
Let n(z) = 7*z - 1. Let t be n(1). Let g(b) = 2*b**3 - 2*b - t + 6*b**2 + 3*b**3 - 6*b**3. List the prime factors of g(5).
3
Let t be 18 - 0*3/(-9). Let h = t - 10. List the prime factors of h.
2
Suppose 2862 = 3*c + 6*c. List the prime factors of c.
2, 3, 53
Suppose 158 = 2*l - k, -2*l + 237 = l - k. Suppose -5*o - n - n + l = 0, 3*n = -2*o + 36. List the prime factors of o.
3, 5
Let i = 45 - 31. What are the prime factors of i?
2, 7
Suppose 3*t = 2*h + 669, -12*h - 446 = -2*t - 14*h. What are the prime factors of t?
223
What are the prime factors of (1*-46)/(3 + -4)?
2, 23
Let x(z) = 49*z**2. What are the prime factors of x(1)?
7
Suppose -3*w + 135 = 2*d, -5*d - 3*w = -298 - 17. What are the prime factors of d?
2, 3, 5
What are the prime factors of (-4)/(-10) - 504/(-40)?
13
Suppose -3 + 4 = -b. Let n be b/(-2) + 63/14. Suppose -i - 3 = -n. What are the prime factors of i?
2
Suppose 0 = -2*k + 15 - 1. Let w be 4/(-14) - (-44)/k. Suppose -z - 5*h + 36 = 0, -z + w*z - 70 = -3*h. What are the prime factors of z?
11
Let b be 2 + 7/(-1) + -1. Let o be 4/b - 11/(-3). What are the prime factors of 1*4*o/6?
2
What are the prime factors of (-1 + 3)*(-537)/(-6)?
179
Let x = 100 - -17. List the prime factors of x.
3, 13
Suppose -5*q - 8 = 4*x - 20, 2*q + 32 = 3*x. List the prime factors of (-24)/(-32) - (-138)/x.
2, 3
What are the prime factors of (-16)/12 - (-356)/6?
2, 29
What are the prime factors of (2/(-4))/(4/(-216))?
3
Suppose -3*h - 8 = -4*l + 2*h, 2 = l + 4*h. Suppose -4*t - 26 = -l*m, -m + 0*t + 3*t = -8. What are the prime factors of m?
23
Let d be 2/(-2 - 21/(-10)). Let m = d + 22. List the prime factors of m.
2, 3, 7
Let d be 3/2*(3 + -1). Suppose -2*a - 3*t = 5, 8 = -d*a - 7*t + 3*t. Let x = a - -17. List the prime factors of x.
13
Let c = 9 + -5. Suppose -4*d = -4*q + 12, 0 = c*q - 2*d - d - 15. What are the prime factors of q?
2, 3
Suppose -3*k + 115 = 28. Suppose k + 0 = m. What are the prime factors of m?
29
Suppose 0*r + 4*r + 2*a = -14, 5*r - 4*a + 37 = 0. Let b = r - -7. What are the prime factors of b?
2
Let t be (-34)/6 - 8/(-12). Suppose -5*p - 8 - 17 = 0. List the prime factors of -2*p/(t/(-2)).
2
Suppose 0*m + 4*m - 28 = 0. Let x = 16 - m. What are the prime factors of x?
3
Let d be 1 + -2 - (-1 - 0). Suppose 0 = -d*b - 3*b + 15. Suppose 21 = -2*z + b*z. List the prime factors of z.
7
Suppose -6 = 3*w - 6*w. Let q = w + 0. What are the prime factors of q?
2
Let b(p) = -5*p**3 + 14*p**2 + 15*p + 6. Let s(t) = 4*t + 6 + 6*t + 15*t**2 + 6*t - 6*t**3. Let k(z) = -7*b(z) + 6*s(z). What are the prime factors of k(-7)?
2
Suppose 2*r + 2 = -0*r + u, 0 = 3*u - 6. Suppose 3*f = -5*j + 101 + 14, -2*f + j + 68 = r. What are the prime factors of (f/(-2))/(-5)*2?
7
Let z be 9 + (0 - (-1 - -2)). Let w = -1 - -4. Suppose -z = -w*l + 16. What are the prime factors of l?
2
Let x(l) = l. Let z(s) = 5*s**2 - s + 2. Let q(r) = -x(r) + z(r). What are the prime factors of q(-3)?
53
Let y(r) = r**3 - 8*r**2 + 6*r + 6. Let z be y(8). List the prime factors of (z/15 - 3)*10.
2, 3
Let g(v) = -4*v**3 + v**2 - v - 1. Suppose -2*o + 0*o = -22. Suppose 4*k = 4*f + 16, -3*k + o = k - 3*f. What are the prime factors of g(k)?
5
Let j be ((-3)/(-6)*0)/2. Let u = 5 + j. List the prime factors of u.
5
Let f(j) = 3*j**3 + 4*j - 7 - 2*j**3 - j + 4*j**2 + 3*j**2. List the prime factors of f(-5).
2, 7
Let t(x) = 29*x**2 + x. List the prime factors of t(1).
2, 3, 5
Let n = 8 + 42. List the prime factors of n.
2, 5
Let m be (1 - (-3 + 4))/1. Suppose m = 5*l - 2*l. Suppose l*t + 34 = 2*t. List the prime factors of t.
17
Let v(o) = 3*o - 6. Let s be v(-10). Let m = s + 82. List the prime factors of m.
2, 23
Let f = -9 - -12. Suppose 0*h = -4*h - f*k + 123, 39 = 2*h - 3*k. List the prime factors of h.
3
What are the prime factors of -3 - (-17*3 + 3)?
3, 5
Suppose 62 = t - 75. What are the prime factors of t?
137
Suppose -m - 10 = m. Let c = 8 + m. What are the prime factors of c?
3
Let j(c) = c**3 + 4*c**2 - c + 1. Let d be j(-4). Suppose z + d*m = 5*z - 7, 2 = z - m. List the prime factors of z.
3
Suppose -6*z + 592 - 40 = 0. List the prime factors of z.
2, 23
Let c(g) = g**2 - 8*g. What are the prime factors of c(11)?
3, 11
Let k(y) = y**3 + 8*y**2 - 8*y + 12. Let w be k(-9). Suppose 3 + w = t. List the prime factors of t.
2, 3
Suppose -4*j - q + 2 + 31 = 0, 5*j = 4*q + 15. List the prime factors of j.
7
Let f = -22 - -44. Let b = -5 + f. List the prime factors of b.
17
Suppose -5*n - 4*w = 57, 4*n + 5*w + 12 = -30. Let j = n + 5. Let u(d) = -d**3 - 7*d**2 + 7*d. What are the prime factors of u(j)?
2
Let v be 1 + -1 - 252/(-6). Suppose -3*d + v = -24. What are the prime factors of d?
2, 11
Suppose -7 = -2*p - 2*f + 3, 3*p - 4*f - 50 = 0. Suppose -5 = g + p. Let b = -10 - g. What are the prime factors of b?
5
Suppose -m + 2*o + 19 = 0, 0*m + 5*o + 73 = 4*m. Suppose 3*n = 6, 0 = -3*q + 2*n + m + 6. What are the prime factors of q?
3
Suppose -4*d - 2*v + 3*v + 26 = 0, v + 19 = 3*d. List the prime factors of 14/49 + 222/d.
2
Suppose 3*o = -3*c + 3, -4*c - 5 = o - 6*o. Let f(m) = 22*m - 18 + 18. List the prime factors of f(o).
2, 11
Suppose 0 = -2*a - 3*a. Suppose -4*z + 129 = -5*f, a*f - 4*f = -2*z + 66. Let u = z + -16. List the prime factors of u.
3, 5
Let y(o) = o**2 + 2*o + 1. Let n = -1 - 0. Let w = n + 3. What are the prime factors of y(w)?
3
Let a = 101 + -55. What are the prime factors of a?
2, 23
Let n(z) = -10 - 2*z + z**3 - 2*z**2 + 14 + 5*z**2. List the prime factors of n(-3).
2, 5
Let v be -1*0*(-2)/(-6). Suppose 0 = -v*c + 3*c - 9. Let s = 6 + c. List the prime factors of s.
3
Let q = -7 + 6. What are the prime factors of (-1 - (q + -8)) + 1?
3
Let j = 102 - 18. List the prime factors of j.
2, 3, 7
Suppose 0 = w - 4*v - 93, 51 = 3*w + 2*v - 200. List the prime factors of w.
5, 17
Suppose 0 = p - 2*d - 2, -p - 2*d = d + 3. Let g = p + 2. Suppose g*r - 7 - 13 = -5*m, 0 = 4*r + 3*m - 26. List the prime factors of r.
5
Suppose 5*t + 3 + 157 = 5*s, 2*s - 68 = t. List the prime factors of s.
2, 3
Let y(b) = -6*b - 4. Let v be (-2)/3*(6 + -3). Let w(p) = 6*p + 3. Let m(k) = v*y(k) - 3*w(k). What are the prime factors of m(-2)?
11
Let f be ((-20)/(-15))/(2/(-3)). Let l = 6 - f. List the prime factors of l.
2
Let s = 2 - 0. Suppose s*t + 0*t = 10. Suppose c + c + 5*d - 35 = 0, t*c + 2*d - 35 = 0. List the prime factors of c.
5
Let p(r) be the second derivative of 0 + r + 1/3*r**3 - 5*r**2. What are the prime factors of p(9)?
2
Suppose -14*q + 9*q + 1485 = 0. List the prime factors of q.
3, 11
Let u(a) = 11*a**2 + a. Let g(w) = w**3 + 5*w**2 + 3*w - 5. Suppose 2*r + 4*o = 12, -3*o + 17 = -5*r - 18. Let x be g(r). What are the prime factors of u(x)?
2, 5
Suppose 4*m = 4*d + 32, -3*d = -m - 0*m + 16. Suppose -m*t = -58 - 22. List the prime factors of t.
2, 5
Let v(s) = -s**3 - 4*s**2 + s - 7. List the prime factors of v(-5).
13
Let h = 81 + 8. What are the prime factors of h?
89
Suppose 71 + 91 = 3*g. Suppose -g - 116 = -5*y. Suppose 5*t - 30 = -3*w, 5*t - w - y = -4. List the prime factors of t.
2, 3
Suppose -6 = 4*t + 66. What are the prime factors of (-104)/t - 2/(-9)?
2, 3
Suppose 0 = -5*q - 2*c + 116, 3*q - 72 = -c - c. List the prime factors of q.
2, 11
Suppose -6*q = -q. List the prime factors of (1 - 4) + 16 - q.
13
List the prime factors of 4/((-20)/(-15)) - -24.
3
Suppose 15 = 5*o - 10. Let v = 33 - o. List the prime factors of v.
2, 7
Let g(z) = -z + 141. What are the prime factors of g(0)?
3, 47
Let h(g) be the first derivative of 5*g**2/2 + g + 2. Let q be